6
What is 3 + -29 + -237 + 291?
28
What is 2000 + -2134 + (86 - -1)?
-47
352 - 327 - (36 - -1)
-12
Calculate (10 - 5 - 35) + 24.
-6
What is the value of -344 + 308 - (-4 - 47) - (18 - 0)?
-3
What is the value of 137 - 107 - (-51 - (15 - 13))?
83
-71 - (39 - -116) - -118
-108
14 + -1 + 6 + 7 + -20 + (-71 - -2)
-63
7 + -15 + 4 + 12 + (-27 + 23 - -77)
81
What is 0 + (1 + -16 + 0 - (-78 + 3 + 4))?
56
Evaluate -16 - (-47 - -42 - (-11 - 0)) - -21.
-1
What is the value of 14 + (122 - (-4 - (-8 + -19))) + 11?
124
Evaluate 14 + 0 + 1 + -317 + 325.
23
What is 1 + (-49 - -1) - (7 - (57 - 58)) - 9?
-64
Calculate -23 - (112 + 49) - -63.
-121
What is the value of -69 + -69 + 80 + 46?
-12
(-5 - -5 - -55) + (0 - 15) + 6
46
Evaluate 2 + -1 + -1 + 2 + -35298 + 35295.
-1
Calculate (11 - (-36 - -28)) + 6 + 56.
81
What is 17 + -54 - (-110 - -45)?
28
Evaluate 20 - (26 + -29 - (9 - -3)).
35
Calculate (-65 + 1 - (-35 - -78 - 41)) + 1.
-65
What is -9 - 32 - (983 + -1052)?
28
Evaluate (-23 - -9) + 3 - (-5 + -16).
10
Calculate (-3 + 8 - (11 - 17)) + 0 + 1.
12
Evaluate -47 - -60 - (-2 + -15).
30
(7 - -8) + (-48 - (7 + 0 + 5))
-45
Calculate 2 - 70 - -4 - (70 + -82 + 1 + 2).
-55
Calculate 25 + -23 - (-4 - (-9 - (-5 + 2 + -2))).
2
Evaluate (-32 - -15) + 19 + 5.
7
What is the value of 6 - -30 - (216 + -299)?
119
Evaluate -3 + 3 - -13 - (27 - (-96 - -65)).
-45
77 - (19 + -2 + -20 - 2) - 0
82
-27 - (((-5 - -1) + -1 - 1) + (18 - 11))
-28
-13 + 29 + -9 + 47 - (-5 - -1 - 0)
58
What is -62 + (101 - 20) - (-79 + 4)?
94
1 + -9 - (-35 - 20 - 5)
52
What is 1 + -77 + -6670 + 6727?
-19
Evaluate -21 - (-16 - (-10 + 21)) - -11.
17
Evaluate -14 + (19 - (-35 + 77)).
-37
What is ((183 - (-4 - 1)) + -19 - 22) + -25?
122
Calculate (-3 - (10 + -19 - -6 - 9 - -13)) + -90.
-94
Calculate (1 - 0) + -30 + (3 - -2) + (-28 - -16).
-36
Calculate 52 + (-18 - (128 + -39)).
-55
What is 14 - (15 - -10) - (2 + 18 - 0)?
-31
Calculate -25 + 40 + -3 + -1 + (9 - 20).
0
Evaluate -5 + -12 - (28 + (-21 - -2)) - (-1 - -16).
-41
Evaluate -3 + 23 + (-62 - (-82 + 11)).
29
What is the value of (-10 - -15 - 105) + 67?
-33
Evaluate (-412 - -396 - (-4 - -1)) + 28 - 29.
-14
What is (35 - -69) + -7 + (25 - 8)?
114
Evaluate -65 - -67 - -27 - (0 - 44).
73
What is (18 - -79) + 32 - (-6 - (-17 + 0))?
118
Evaluate (1 - (20 - (-76 - -35))) + 43.
-17
-3 + 5 + 12 + 2 + -2 + -6
8
What is the value of -36 - (37 + -39 + -9) - -165?
140
What is the value of (-6 + 4 - 9) + (-1 - -6 - -8 - 1)?
1
What is -197 + 252 - (-4 + 1 + 24)?
34
What is -4 + -15 + -47 + (14 - (-3 - 10))?
-39
-38 + 5 + 39 + -49
-43
What is (-76 - 11) + 80 + (-2 - 3)?
-12
14 + 19 - 34 - -22
21
6 - (-2 + (25 - (31 + 4) - (4 + -66)))
-44
(-141 - (21 - 91)) + (-30 - (6 - 12))
-95
Calculate 0 + -9 - (24 - 0 - (19 - -5)).
-9
Calculate (-1 - 43) + (-137 - -175) - (-2 - (-2 - 21)).
-27
Calculate 64 + 3 - (1578 - 1548).
37
Calculate (348 - 371) + -6 + -3.
-32
Evaluate (4 - -42) + -27 + 6.
25
-15 - (41 + -13 + -22 + -9)
-12
What is the value of 1 + 1 - -5 - (79 - 91) - -31?
50
What is -10 + 13 + 1 + (-18 - -150 - 24)?
112
What is (-43 - (3 - 60)) + 3 + -12?
5
Calculate 17 + 35 + 18 + -57.
13
Calculate 296 + -257 - (44 + -8).
3
What is 25 - -36 - (228 + -143)?
-24
Calculate -10 - (-6 - -8 - 49 - (-12 + 10)).
35
Evaluate -24 + 92 - (102 + -97 - (4 + (3 - 2))).
68
What is the value of 11 + 0 + 12 + 13 + -12 + 13?
37
Evaluate -461 + 504 - (-4 - 22).
69
Calculate (-58 - (-25 - (46 + -32))) + (-2 - -87).
66
Evaluate -157 - (-103 - (-54 - -21)).
-87
Evaluate -2 + 26 + -3 + -15 - (3 - -2).
1
Calculate -47 - (14 - (83 + -34)).
-12
Evaluate -13 - (-57 - (62 - 148)).
-42
1 - (-6 + (-3 - (2 - 4)) + -47 + 57)
-2
Calculate (-225 - -239) + -3 + 18 + -6.
23
Calculate -6 + (12 + -3 - (2 - 19)) - 5.
15
Evaluate -144 + (-4 + 89 - -5).
-54
What is the value of 45 + (-41 - 27 - 23) + 33?
-13
What is 7 - (-230 + 221 - (11 + 2)) - (0 - 11)?
40
What is the value of 371 - 322 - (90 - 1)?
-40
Calculate (-14 - (22 - 11)) + -5.
-30
What is (-1 - 52) + -427 + 455?
-25
What is (-245 + 136 - (-3 - -5)) + 18?
-93
(-78 - 0) + (186 - (18 - -208))
-118
What is -18 + 74 + -34 - -17?
39
Calculate 41 - 3 - (124 + (-128 - -43)).
-1
Evaluate -5602 - -5640 - (0 + -10).
48
Evaluate 0 + 0 - ((-52 - -20 - -11) + -15 - -8).
28
Calculate 35 + -144 - (20 - 16).
-113
What is 4 - -10 - -6 - (4 + (-37 - -46))?
7
(1 + -58 - ((26 - 25) + 4)) + 9 + -2
-55
What is the value of -14 - ((16 - (-17 - -25)) + -39)?
17
What is (14 - (124 - -49)) + 212?
53
What is the value of (2 - 1 - (-4 + 1) - 12) + -174 + 106?
-76
Evaluate (-2656 + 2620 - (1 + -184)) + -46.
101
What is -1 + (-3 + -3 - (-3 - -3 - 6)) - 51?
-52
What is the value of (-27 - -22 - (-33 - -13)) + -63?
-48
Evaluate 5 + 2 - (14 - (2 + (19 - 40))).
-26
Evaluate -70 - (27 - (101 - 107)).
-103
What is the value of -67 + (2 + 1 - -9) + (12 - (-1 + 20))?
-62
Evaluate (14 - (-16 + 37)) + 17 + -25 - -8.
-7
2 - -3 - (20 + 64 + -28)
-51
Evaluate 121 + 1 + -84 + 84 + -9 + 14.
127
Evaluate 7 - -1 - ((62 - 59) + -46).
51
What is -1 + (-19 - -25 - -10) + 17?
32
-18 + (-14 - 35) - -41
-26
What is the value of 3 + -21 + (13 - -14) + -21?
-12
What is the value of (195 + -154 - 50) + 1 + (-2 - 0 - 36)?
-46
What is the value of 30 - (60 + (-154 - -81) - (-5 - 1))?
37
(345 - 324) + -45 + 5
-19
Calculate (-825 - -799) + (1 - -45) + 0.
20
What is -20 + 17 + (1 + -1 - ((-3 - 0) + -8))?
8
What is the value of (11 - -68) + -7 + -1 + (-9 - 15 - -16)?
63
-13 - (-246 - -267 - (2 - -36)) - (1 + -100)
103
-5 - (-141 + 116 + -99)
119
Evaluate -24 - ((-5 - 26) + -29).
36
What is the value of 2237 + -2209 - (-4 - (2 + -1))?
33
Evaluate (12 - 2) + -11 + 16 + -7 - 0 - -85.
93
What is 662 + -673 - (-3 - 77)?
69
What is (-3 - -115) + (-3305 - -3217)?
24
Calculate -31 + -34 - -89 - (-37 + -5).
66
-4 + 27 + 33 - ((-3 - -1) + 1)
57
What is the value of -14 - (14 + -28 + -3 + (-10 - -6))?
7
Calculate 53 + -9 + (8 - 5) - (17 + -11 + -9).
50
What is the value of 28 + -8 + -43 - (-35 - (-4 + 15))?
23
What is (19 - -13) + (85 - 121)?
-4
Evaluate -12 + -24 + 46 + -42.
-32
What is the value of -22 + 0 + (-58 - -173) + -78?
15
What is the value of -106 + (28 - -22) - -61?
5
Calculate (-33 - -67) + 23 - (1 - 11).
67
Evaluate 6 - (15 + (-9 - 10)) - 8.
2
What is the value of 5 + (40 + -85 - -92) + (0 + 0 - -9)?
61
Calculate -9 - (36 + -3 + -11 - 18).
-13
What is (53 - (39 - -65)) + 38?
-13
(-2 - -5) + 1 + -2 + 43 + -323 + 296
18
24 + (24 - 66 - 15)
-33
(-24 - -6) + (-1 - 10) + -22 + 33 + 6
-12
-101 + (207 - (-37 - -71))
72
Calculate 152 + -154 + (-1 - (-1 + 0 + 0)) - -6.
4
What is the value of 59 - (15 - 88 - -71 - (1 - 8))?
54
-31 + 28 + -15 + (19 - 74)
-73
What is the value of (5 + -8 - 7) + (-11 - -37) + -50?
-34
-15 + (-4 - -5) + 11 + 30 + -4
23
Calculate 47 - (140 + (-29 - 24)).
-40
Calculate 32 - 74 - (-14 - 1).
-27
Evaluate 4 - 0 - (169 + -195 - (2 - 36)).
-4
Calculate (-74 - -28) + 22 + 16 + (-1 - -85).
76
Calculate 18 + (-1 + -12 + 15 - 25).
-5
Evaluate -23 + -3 + -1 + (141 - 153).
-39
What is the value of (-1 - -47) + 3154 + -3221?
-21
Calculate (44 - 46) + 9 + -73 + 4 + 9.
-53
Evaluate 10 + 24 + -3 + 9 + -24 + -4 + 16.
28
3 - (23 - (23 + 4 + 0))
7
What is (61 + -11 - 44) + -2 + 9?
13
What is the value of -1 + 55 + -2 + -6665 + 6668?
55
Evaluate -1 + 10 - -2 - (0 + (6 - 23) + 37).
-9
Calculate (15 + 6 - 41) + 55 - -6.
41
What is -27 + ((-14 - -4) + (32 - 26) - -13)?
-18
-4 + -1 + 2 + -2 - ((5 - 7) + -55)
52
What is the value of 33 + (-37 - (-139 - (-12 + -9)))?
114
-14 - (-27 - (-13 + 4 + -2))
2
What is 1252 + -1246 - (-1 - -41)?
-34
What is (-65 - (67 + -94)) + -23?
-61
What is the value of 3 - (14 + -13) - 3 - -25?
24
What is the value of -17 - (-12 + -14 + 12) - -54?
51
What is -23 - (-5 + (14 - (-45 - -4)) - 16)?
-57
What is -1 + -13 + (16 - 3 - -44)?
43
What is 66 + -6 - (14 - 9 - (-5 + 3 - 0))?
53
566 - 603 - (3 - (-15 + -4))
-59
Calculate 1 + 18 + 12 + (22 - -11) + 0.
64
Calculate (0 - 25) + -25 + -30 + 15.
-65
What is 164 - (28 + -11 + 146)?
1
Evaluate 30 + -6 + 42 - 42.
24
207 + -156 + -57 + -1 + -27 + 2
-32
Calculate -22 + (39 - (-6 + 33 + -19)).
9
Calculate (152 - 25) + -92 + -2 + (1 + -1 - 1).
32
Calculate 13 + 111 + -21 + (-7 - -41).
137
What is -151 + (-75 - -166 - 8)?
-68
Evaluate 80 + -54 - (